ase 15
-2
-68 (base 15) to base 13
-77
Convert 3 (base 6) to base 9.
3
Convert -3 (base 7) to base 9.
-3
Convert 0 (base 3) to base 2.
0
-62 (base 9) to base 12
-48
-3b (base 15) to base 12
-48
1112 (base 3) to base 6
105
Convert 3 (base 16) to base 11.
3
Convert -43 (base 7) to base 8.
-37
What is -9 (base 10) in base 13?
-9
Convert -40 (base 7) to base 4.
-130
-196 (base 11) to base 14
-122
Convert 14 (base 11) to base 7.
21
What is 101 (base 3) in base 9?
11
Convert -6 (base 12) to base 13.
-6
What is -3 (base 16) in base 10?
-3
Convert 10011 (base 2) to base 12.
17
2 (base 4) to base 12
2
Convert -3 (base 9) to base 14.
-3
0 (base 9) to base 3
0
-2 (base 6) to base 9
-2
Convert b5 (base 14) to base 12.
113
-82 (base 9) to base 6
-202
What is -66 (base 7) in base 5?
-143
What is 4 (base 12) in base 14?
4
What is 0 (base 12) in base 13?
0
What is 3 (base 5) in base 7?
3
Convert 3 (base 14) to base 12.
3
Convert 1 (base 7) to base 13.
1
Convert 17 (base 15) to base 7.
31
225 (base 7) to base 14
85
-1 (base 13) to base 7
-1
Convert -1 (base 9) to base 6.
-1
Convert -1a3 (base 15) to base 6.
-1430
Convert -100 (base 6) to base 14.
-28
What is -10 (base 4) in base 7?
-4
What is -49 (base 12) in base 3?
-2010
Convert 1 (base 11) to base 12.
1
Convert -7 (base 11) to base 5.
-12
Convert -2 (base 5) to base 15.
-2
What is -37 (base 12) in base 10?
-43
What is 12 (base 5) in base 3?
21
161 (base 8) to base 7
221
4 (base 10) to base 5
4
Convert -120 (base 4) to base 7.
-33
What is -8 (base 13) in base 7?
-11
Convert 200 (base 10) to base 9.
242
Convert -2 (base 4) to base 14.
-2
What is 5 (base 11) in base 9?
5
What is 223 (base 4) in base 12?
37
What is 12 (base 3) in base 8?
5
4 (base 10) to base 14
4
What is 11 (base 8) in base 15?
9
What is 1 (base 3) in base 8?
1
What is 0 (base 11) in base 2?
0
3 (base 13) to base 10
3
5a (base 11) to base 5
230
Convert 2 (base 6) to base 13.
2
What is -5 (base 11) in base 14?
-5
What is -217 (base 8) in base 12?
-bb
What is 100 (base 2) in base 8?
4
Convert -10012 (base 4) to base 16.
-106
20 (base 4) to base 8
10
-9d (base 14) to base 8
-213
What is -21 (base 13) in base 8?
-33
-a (base 16) to base 2
-1010
-59 (base 10) to base 14
-43
Convert -22122 (base 3) to base 11.
-1a2
Convert 1 (base 8) to base 6.
1
Convert 100001 (base 2) to base 3.
1020
Convert 2 (base 7) to base 11.
2
Convert -110001 (base 2) to base 8.
-61
Convert 74 (base 12) to base 9.
107
What is -8 (base 16) in base 4?
-20
b0 (base 16) to base 3
20112
-b (base 12) to base 5
-21
-d (base 15) to base 7
-16
Convert 100 (base 2) to base 3.
11
What is 3 (base 14) in base 10?
3
What is 39 (base 10) in base 6?
103
22 (base 6) to base 13
11
303 (base 4) to base 14
39
What is 33 (base 4) in base 3?
120
Convert -10 (base 6) to base 13.
-6
Convert -314 (base 5) to base 16.
-54
Convert 3 (base 14) to base 15.
3
-4 (base 11) to base 10
-4
What is -1 (base 10) in base 14?
-1
What is -1d (base 16) in base 14?
-21
3 (base 11) to base 10
3
Convert 123 (base 11) to base 7.
266
337 (base 9) to base 16
115
-10 (base 9) to base 11
-9
What is -3 (base 6) in base 11?
-3
3 (base 12) to base 2
11
What is -1 (base 14) in base 8?
-1
1 (base 15) to base 3
1
What is -134 (base 5) in base 16?
-2c
What is -1b (base 13) in base 2?
-11000
-65 (base 7) to base 13
-38
Convert 5 (base 7) to base 10.
5
What is -b (base 16) in base 8?
-13
What is 43 (base 15) in base 13?
4b
-3 (base 5) to base 14
-3
5 (base 6) to base 16
5
1 (base 6) to base 2
1
Convert 4 (base 7) to base 12.
4
Convert -7 (base 8) to base 5.
-12
11 (base 11) to base 10
12
What is 10000 (base 3) in base 14?
5b
222 (base 3) to base 9
28
133 (base 10) to base 11
111
0 (base 9) to base 5
0
-2000 (base 3) to base 5
-204
What is 10 (base 2) in base 12?
2
15 (base 14) to base 11
18
Convert 11 (base 5) to base 13.
6
What is -1 (base 9) in base 4?
-1
Convert 101 (base 3) to base 11.
a
What is -30 (base 4) in base 15?
-c
What is 1 (base 9) in base 8?
1
64 (base 7) to base 14
34
-189 (base 10) to base 13
-117
Convert -1 (base 14) to base 11.
-1
Convert -4 (base 16) to base 13.
-4
-101 (base 4) to base 5
-32
What is 2 (base 5) in base 11?
2
Convert -2 (base 6) to base 3.
-2
What is -17 (base 14) in base 5?
-41
What is -14 (base 7) in base 11?
-10
1033 (base 4) to base 7
142
What is 10 (base 13) in base 9?
14
Convert -2 (base 9) to base 2.
-10
Convert -101 (base 2) to base 6.
-5
-121 (base 4) to base 5
-100
Convert 13 (base 6) to base 9.
10
302 (base 7) to base 11
126
What is 3 (base 11) in base 4?
3
23 (base 12) to base 13
21
-3 (base 6) to base 9
-3
What is 1012 (base 4) in base 13?
55
What is -3 (base 15) in base 6?
-3
Convert 21 (base 3) to base 6.
11
What is -323 (base 5) in base 15?
-5d
2 (base 14) to base 13
2
Convert 12 (base 15) to base 6.
25
-1000111 (base 2) to base 10
-71
What is 4 (base 13) in base 8?
4
Convert -234 (base 7) to base 11.
-102
What is -4 (base 10) in base 7?
-4
What is -1 (base 4) in base 11?
-1
0 (base 2) to base 13
0
-10011 (base 2) to base 11
-18
What is -2 (base 4) in base 3?
-2
What is -30 (base 14) in base 2?
-101010
What is 0 (base 12) in base 7?
0
-164 (base 10) to base 9
-202
What is 22 (base 9) in base 8?
24
Convert -2 (base 3) to base 7.
-2
Convert -10001 (base 2) to base 11.
-16
Convert 30 (base 4) to base 2.
1100
Convert -10 (base 4) to base 11.
-4
What is 47 (base 9) in base 6?
111
23 (base 7) to base 16
11
0 (base 4) to base 3
0
What is 31 (base 6) in base 12?
17
Convert -a (base 11) to base 3.
-101
What is 0 (base 5) in base 9?
0
What is -132 (base 6) in base 5?
-211
What is -163 (base 9) in base 13?
-a8
What is -6 (base 8) in base 14?
-6
-1 (base 8) to base 4
-1
What is -5 (base 14) in base 12?
-5
Convert 4b (base 14) to base 10.
67
-30 (base 9) to base 11
-25
Convert -a (base 12) to base 10.
-10
110010 (base 2) to base 4
302
Convert -136 (base 7) to base 6.
-204
What is 1 (base 14) in base 9?
1
153 (base 13) to base 3
22210
1101 (base 2) to base 5
23
What is -2 (base 12) in base 15?
-2
What is -46 (base 13) in base 15?
-3d
-121 (base 14) to base 3
-22100
Convert 333 (base 8) to base 15.
e9
Convert -18 (base 11) to base 3.
-201
Convert -215 (base 10) to base 5.
-1330
214 (base 6) to base 11
75
What is 7 (base 12) in base 6?
11
Convert -a (base 14) to base 8.
-12
-12 (base 4) to base 2
-110
131 (base 4) to base 15
1e
Convert 1c (base 14) to base 11.
24
1 (base 6) to base 16
1
Convert -10 (base 6) to base 13.
-6
Convert -f (base 16) to base 2.
-1111
Convert -100 (base 4) to base 3.
-121
Convert 2 (base 15) to base 12.
2
What is a (base 14) in base 2?
1010
What is 31 (base 8) in base 12?
21
17 (base 11) to base 4
102
What is -c6 (base 15) in base 5?
-1221
-2 (base 6) to base 2
-10
Convert -1a (base 13) to base 16.
-17
Convert 11100 (base 3) to base 14.
85
Convert 44 (base 13) to base 12.
48
Convert 1 (base 5) to base 9.
1
What is 2 (base 14) in base 16?
2
413 (base 6) to base 7
306
4 (base 13) to base 11
4
-5 (base 11) to base 2
-101
Convert -71 (base 8) to base 11.
-52
39 (base 13) to base 8
60
Convert -2 (base 9) to base 16.
-2
What is 12 (base 10) in base 5?
22
Convert -102 (base 4) to base 13.
-15
Convert 354 (base 7) to base 12.
136
3 (base 8) to base 15
3
-4 (base 7) to base 16
-4
Convert 1 (base 5) to base 9.
1
-35 (base 6) to base 8
-27
Convert -10 (base 3) to base 10.
-3
What is -20 (base 3) in base 10?
-6
What is -3 (base 9) in base 2?
-11
What is 3 (base 9) in base 2?
11
Convert 322 (base 4) to base 10.
58
-63 (base 13) to base 16
-51
Convert 5 (base 8) to base 6.
5
-21 (base 15) to base 2
-11111
Convert 43 (base 5) to base 6.
35
Convert 1011001 (base 2) to base 9.
108
What is 103 (base 7) in base 4?
310
3 (base 8) to base 14
3
Convert -33 (base 4) to base 15.
-10
What is -b (base 12) in base 11?
-10
What is 36 (base 15) in base 9?
56
Convert -1c (base 13) to base 4.
-121
-5 (base 7) to base 2
-101
Convert 136 (base 12) to base 15.
c6
Convert 0 (base 10) to base 12.
0
Convert -10010 (base 3) to base 11.
-77
What is 109 (base 10) in base 16?
6d
-312 (base 4) to base 3
-2000
What is -34 (base 15) in base 2?
-110001
Convert -10101 (base 2) to base 9.
-23
16 (base 8) to base 3
112
What is 20 (base 9) in base 15?
13
What is 16 (base 8) in base 10?
14
What is 12 (base 4) in ba